{"id":23,"date":"2023-06-19T10:47:41","date_gmt":"2023-06-19T08:47:41","guid":{"rendered":"http:\/\/sylvietaboile.com\/?page_id=23"},"modified":"2023-06-19T10:47:43","modified_gmt":"2023-06-19T08:47:43","slug":"accueil","status":"publish","type":"page","link":"https:\/\/sylvietaboile.com\/","title":{"rendered":"Accueil"},"content":{"rendered":"\n<p class=\"has-text-align-center\"><mark style=\"background-color:rgba(0, 0, 0, 0)\" class=\"has-inline-color has-black-color\">Vous \u00eates l\u00e0 car jusqu&#8217;\u00e0 pr\u00e9sent ce que vous avez fait, n&#8217;a pas march\u00e9 ou ne fonctionne plus\u2026<\/mark><\/p>\n\n\n\n<p class=\"has-text-align-center has-very-dark-gray-color has-text-color\"><br>Et c&#8217;est de mani\u00e8re holistique que je vais vous aider \u00e0 changer ce qui \u00e0 besoin de l&#8217;\u00eatre&#8230;<\/p>\n\n\n\n<p class=\"has-text-align-center has-very-dark-gray-color has-very-light-gray-background-color has-text-color has-background\"><em><strong>Et si vous changiez votre vie pour en faire exactement ce que vous voulez&#8230;<\/strong><\/em><\/p>\n\n\n\n<p class=\"has-text-align-center\">Avec diff\u00e9rents outils, adapt\u00e9s \u00e0 chacun et utilis\u00e9s avec la plus grande bienveillance,<\/p>\n\n\n\n<p class=\"has-text-align-center\">vous aurez les cl\u00e9s pour vous trouver, vous retrouver, <\/p>\n\n\n\n<p class=\"has-text-align-center\">ou tout simplement devenir le meilleur de vous-m\u00eame&#8230;<\/p>\n\n\n\n<p class=\"has-text-align-center has-very-dark-gray-color has-text-color\">Il m&#8217;a fallu du temps et de nombreux apprentissages pour devenir celle que je suis aujourd&#8217;hui, celle qui vous accompagne pour un avenir plus radieux, plus positif et surtout plus objectif. <\/p>\n\n\n\n<p class=\"has-text-align-center has-very-dark-gray-color has-text-color\"> Cet accompagnement, je le fais avec beaucoup de respect, de non-jugement, et d&#8217;humour. Je sais que nous avons tous, \u00e0 l&#8217;int\u00e9rieur cette petite \u00e9tincelle qui ne demande quelquefois qu&#8217;\u00e0 \u00eatre rallum\u00e9e pour cr\u00e9er un feu vibrant, et ainsi nous permettre d&#8217;avancer sur la merveilleuse aventure qu&#8217;est la vie.<\/p>\n\n\n\n<p class=\"has-very-dark-gray-color has-text-color\">Allons y&#8230; Maintenant<\/p>\n\n\n\n<p class=\"has-very-dark-gray-color has-text-color\"><br><\/p>\n\n\n\n<figure class=\"wp-block-gallery has-nested-images columns-default is-cropped wp-block-gallery-1 is-layout-flex wp-block-gallery-is-layout-flex\">\n<figure class=\"wp-block-image size-large is-style-rounded\"><img loading=\"lazy\" decoding=\"async\" width=\"1024\" height=\"682\" data-id=\"2116\" src=\"https:\/\/sylvietaboile.com\/wp-content\/uploads\/2023\/06\/sunrise-1634197_1280-_1_-_1_-1024x682.webp\" alt=\"hypnose sud oise, changer de vie, se transformer, hypnose, sylvie taboile, coye la foret, maigrir, arr\u00eater de fumer, deshypnose,nouvelle vie, rupture sentimentale, rave, confiance en soi, hypnose chantilly\" class=\"wp-image-2116\" srcset=\"https:\/\/sylvietaboile.com\/wp-content\/uploads\/2023\/06\/sunrise-1634197_1280-_1_-_1_-1024x682.webp 1024w, https:\/\/sylvietaboile.com\/wp-content\/uploads\/2023\/06\/sunrise-1634197_1280-_1_-_1_-300x200.webp 300w, https:\/\/sylvietaboile.com\/wp-content\/uploads\/2023\/06\/sunrise-1634197_1280-_1_-_1_-768x512.webp 768w, https:\/\/sylvietaboile.com\/wp-content\/uploads\/2023\/06\/sunrise-1634197_1280-_1_-_1_-174x116.webp 174w, https:\/\/sylvietaboile.com\/wp-content\/uploads\/2023\/06\/sunrise-1634197_1280-_1_-_1_.webp 1280w\" sizes=\"auto, (max-width: 1024px) 100vw, 1024px\" \/><\/figure>\n<\/figure>\n\n\n\n<div class=\"wp-block-buttons is-layout-flex wp-block-buttons-is-layout-flex\"><\/div>\n\n\n\n<!-- Code Crenolib Pro -->\n<a href=\"https:\/\/www.crenolib.fr\/prendre-rdv\/11002_hypnotherapeute-a-coye-la-foret\" style=\"display: block; text-align: center; background-color: #7142F5; color: #ffffff; font-size: 15px; overflow: hidden; width: 315px; height: 50px; border-bottom-right-radius: none; border-bottom-left-radius: none; position: fixed; bottom: 0; right: 5px; z-index: 1000; border-top-left-radius: 4px; border-top-right-radius: 4px; line-height: 50px;\" target=\"_blank\" class=\"crenolib\" rel=\"noopener noreferrer\">\n<span style=\"font-size: 15px;\">RDV Cabinet &amp; Visio &#8211; Crenolib.fr<\/span>\n<\/a>\n<!-- Code Crenolib Pro -->\n","protected":false},"excerpt":{"rendered":"<p>Vous \u00eates l\u00e0 car jusqu&#8217;\u00e0 pr\u00e9sent ce que vous avez fait, n&#8217;a pas march\u00e9 ou ne fonctionne plus\u2026 Et c&#8217;est &hellip; <a href=\"https:\/\/sylvietaboile.com\/\" class=\"more-link\">Continue reading <span class=\"screen-reader-text\">Accueil<\/span><\/a><\/p>\n","protected":false},"author":2,"featured_media":0,"parent":0,"menu_order":0,"comment_status":"closed","ping_status":"closed","template":"","meta":{"footnotes":""},"class_list":["post-23","page","type-page","status-publish","hentry"],"jetpack_sharing_enabled":true,"_links":{"self":[{"href":"https:\/\/sylvietaboile.com\/index.php?rest_route=\/wp\/v2\/pages\/23","targetHints":{"allow":["GET"]}}],"collection":[{"href":"https:\/\/sylvietaboile.com\/index.php?rest_route=\/wp\/v2\/pages"}],"about":[{"href":"https:\/\/sylvietaboile.com\/index.php?rest_route=\/wp\/v2\/types\/page"}],"author":[{"embeddable":true,"href":"https:\/\/sylvietaboile.com\/index.php?rest_route=\/wp\/v2\/users\/2"}],"replies":[{"embeddable":true,"href":"https:\/\/sylvietaboile.com\/index.php?rest_route=%2Fwp%2Fv2%2Fcomments&post=23"}],"version-history":[{"count":30,"href":"https:\/\/sylvietaboile.com\/index.php?rest_route=\/wp\/v2\/pages\/23\/revisions"}],"predecessor-version":[{"id":2118,"href":"https:\/\/sylvietaboile.com\/index.php?rest_route=\/wp\/v2\/pages\/23\/revisions\/2118"}],"wp:attachment":[{"href":"https:\/\/sylvietaboile.com\/index.php?rest_route=%2Fwp%2Fv2%2Fmedia&parent=23"}],"curies":[{"name":"wp","href":"https:\/\/api.w.org\/{rel}","templated":true}]}}