{"id":1928,"date":"2021-10-20T18:22:22","date_gmt":"2021-10-20T16:22:22","guid":{"rendered":"https:\/\/sylvietaboile.com\/?page_id=1928"},"modified":"2022-12-10T15:28:11","modified_gmt":"2022-12-10T14:28:11","slug":"conditions-generales-de-vente","status":"publish","type":"page","link":"https:\/\/sylvietaboile.com\/?page_id=1928","title":{"rendered":"Conditions g\u00e9n\u00e9rales de vente"},"content":{"rendered":"\n<p><strong>Janvier 202<\/strong>0<\/p>\n\n\n\n<p><strong>Article 1&nbsp;:<\/strong> <strong>Objet et champ d\u2019application<\/strong><\/p>\n\n\n\n<p>1.1 Les pr\u00e9sentes conditions g\u00e9n\u00e9rales s&#8217;appliquent \u00e0 toutes les offres \u00e9mises, ventes et prestations effectu\u00e9es et\/ou tout contrat conclu par Sylvie Taboile, ayant son si\u00e8ge social au 18 Layon de l\u2019enclave 60580 Coye la for\u00eat, en France, d\u00e9nomm\u00e9e ci-apr\u00e8s \u00ab le prestataire \u00bb, ainsi qu&#8217;\u00e0 toutes les activit\u00e9s ou transactions aff\u00e9rentes intervenant avec le cocontractant concern\u00e9, d\u00e9nomm\u00e9 ci-apr\u00e8s \u00ab le b\u00e9n\u00e9ficiaire \u00bb. Lesdites conditions sont \u00e9galement applicables \u00e0 tous les actes (juridiques) pr\u00e9cit\u00e9s si le prestataire fait intervenir en l&#8217;occurrence une filiale ou une soci\u00e9t\u00e9 de son groupe, dans ce cas, la filiale ou soci\u00e9t\u00e9 du groupe en question a, dans une mesure \u00e9quivalente, la qualit\u00e9 de \u00ab prestataire \u00bb pour l&#8217;application des pr\u00e9sentes conditions g\u00e9n\u00e9rales et peut s&#8217;en pr\u00e9valoir directement \u00e0 l&#8217;encontre du b\u00e9n\u00e9ficiaire.<\/p>\n\n\n\n<p>1.2 Toute commande de services implique l\u2019acceptation sans r\u00e9serve par le b\u00e9n\u00e9ficiaire et son adh\u00e9sion pleine et enti\u00e8re aux pr\u00e9sentes conditions g\u00e9n\u00e9rales de vente qui pr\u00e9valent sur tout autre document du b\u00e9n\u00e9ficiaire, et notamment sur toutes conditions g\u00e9n\u00e9rales d\u2019achat, sauf accord d\u00e9rogatoire expresse et pr\u00e9alable du prestataire<\/p>\n\n\n\n<p>1.3 Tout autre document que les pr\u00e9sentes conditions g\u00e9n\u00e9rales de vente et notamment catalogues, prospectus, publicit\u00e9s, notices, n\u2019a qu\u2019une valeur informative et indicative, non contractuelle.<\/p>\n\n\n\n<p><strong>Article 2 : Offres commerciales<\/strong><\/p>\n\n\n\n<p>Toutes les offres du prestataire ne sont engageantes que si elles comportent un d\u00e9lai de validit\u00e9.<\/p>\n\n\n\n<p><strong>Article 3&nbsp;: Commandes<\/strong><\/p>\n\n\n\n<p>3.1 Toute commande ou ordre plac\u00e9 par \u00e9crit par le b\u00e9n\u00e9ficiaire aupr\u00e8s du prestataire (y compris par t\u00e9l\u00e9copie, courrier \u00e9lectronique ou autre voie \u00e9lectronique) est irr\u00e9vocable.<\/p>\n\n\n\n<p>3.2 La commande n\u2019est confirm\u00e9e qu\u2019apr\u00e8s retour du devis et des conditions g\u00e9n\u00e9rales \u00e9mis par le prestataire, consultables sur son site Internet, rev\u00eatu de la mention \u00ab bon pour accord \u00bb avec le cachet du b\u00e9n\u00e9ficiaire, accompagn\u00e9s du moyen de paiement correspondant au montant de l\u2019acompte mentionn\u00e9 sur le devis.<\/p>\n\n\n\n<p>3.3 Toute demande de modification de la composition ou du volume d\u2019une commande de prestation pass\u00e9e par le b\u00e9n\u00e9ficiaire ne pourra \u00eatre prise en compte par le prestataire que si la demande est faite par \u00e9crit y compris t\u00e9l\u00e9copie ou courrier \u00e9lectronique, et est parvenue au prestataire au plus tard 8 jours apr\u00e8s r\u00e9ception par le prestataire de la commande initiale.<\/p>\n\n\n\n<p>3.4 En cas de modification de la commande par le b\u00e9n\u00e9ficiaire, le prestataire sera lib\u00e9r\u00e9 des d\u00e9lais convenus pour son ex\u00e9cution.<\/p>\n\n\n\n<p>3.5 Toutes les commandes que le prestataire accepte d\u2019ex\u00e9cuter le sont, compte tenu du fait que le b\u00e9n\u00e9ficiaire pr\u00e9sente les garanties financi\u00e8res suffisantes, et qu\u2019il r\u00e9glera effectivement les sommes dues \u00e0 leurs \u00e9ch\u00e9ances, conform\u00e9ment \u00e0 la l\u00e9gislation. Aussi, si le prestataire a des raisons s\u00e9rieuses ou particuli\u00e8res de craindre des difficult\u00e9s de paiement de la part du b\u00e9n\u00e9ficiaire \u00e0 la date de la commande, ou post\u00e9rieurement \u00e0 celle-ci, ou encore si le b\u00e9n\u00e9ficiaire ne pr\u00e9sente pas les m\u00eames garanties qu\u2019\u00e0 la date d\u2019acceptation de la commande, le prestataire peut subordonner l\u2019acceptation de la commande ou la poursuite de son ex\u00e9cution \u00e0 un paiement \u00e0 la commande, ou encore demander des garanties au profit du prestataire.<\/p>\n\n\n\n<p>Le prestataire aura \u00e9galement la facult\u00e9, avant l\u2019acceptation de toute commande, comme en cours d\u2019ex\u00e9cution, d\u2019exiger du b\u00e9n\u00e9ficiaire communication de ses documents comptables, et notamment des comptes de r\u00e9sultats, m\u00eame pr\u00e9visionnels, lui permettant d\u2019appr\u00e9cier sa solvabilit\u00e9.<\/p>\n\n\n\n<p>En cas de refus par le b\u00e9n\u00e9ficiaire du paiement \u00e0 la commande, sans qu\u2019aucune garantie suffisante ne soit propos\u00e9e par ce dernier, le prestataire pourra refuser d\u2019honorer la (les) commande (s) pass\u00e9e (s) et de d\u00e9livrer la prestation concern\u00e9e, sans que le b\u00e9n\u00e9ficiaire puisse arguer d\u2019un refus de vente injustifi\u00e9, ou pr\u00e9tendre \u00e0 une quelconque indemnit\u00e9.<\/p>\n\n\n\n<p>Dans le cas o\u00f9 le b\u00e9n\u00e9ficiaire passerait une commande au prestataire sans avoir proc\u00e9d\u00e9 au paiement de la (les) commandes (s) pr\u00e9c\u00e9dentes (s), le prestataire pourrait refuser d\u2019honorer la commande et de d\u00e9livrer la prestation concern\u00e9e, sans que le b\u00e9n\u00e9ficiaire puisse pr\u00e9tendre \u00e0 une quelconque indemnit\u00e9, pour quelque raison que ce soit.<\/p>\n\n\n\n<p>&nbsp;3.6 En cas d&#8217;annulation pure et simple de la commande par le b\u00e9n\u00e9ficiaire, et pour quelque raison que ce soit, le prestataire se r\u00e9serve le droit de demander des dommages et int\u00e9r\u00eats qui se calculent de la mani\u00e8re suivante: 50% du montant de la commande totale \u00e0 moins de 15 jours &#8211; 75 % du montant de la commande totale \u00e0 moins de 8 jours &#8211; 100 % du montant de la commande totale \u00e0 moins de 4 jours de la date pr\u00e9vue pour la prestation.<\/p>\n\n\n\n<p><strong>Article 4 : Prix<\/strong><\/p>\n\n\n\n<p>4.1 Les prix sont fix\u00e9s en euros par le tarif en vigueur au jour de la passation de la commande. Ils s\u2019entendent toujours hors taxes.<\/p>\n\n\n\n<p>4.2 Sauf stipulation expresse, pour les prestations non au catalogue, les prix peuvent \u00eatre modifi\u00e9s \u00e0 raison des variations de leurs composants \u00e9conomiques entre la commande et la prestation.<\/p>\n\n\n\n<p>4.3 Les prix sont calcul\u00e9s nets sans escompte et payable au comptant \u00e0 la date port\u00e9e sur la facture concernant la prestation<\/p>\n\n\n\n<p>4.4 En cas d&#8217;augmentation de prix entre commande et prestation, le b\u00e9n\u00e9ficiaire est habilit\u00e9 \u00e0 r\u00e9silier le contrat de vente dans les quinze jours \u00e0 compter de la communication par \u00e9crit de ladite augmentation. Ce droit de r\u00e9siliation ne vaut pas pour les hausses de prix cons\u00e9cutives \u00e0 une augmentation de la TVA, des imp\u00f4ts ou des droits de douane.<\/p>\n\n\n\n<p><strong>Article 5 : Ex\u00e9cution de la prestation<\/strong><\/p>\n\n\n\n<p>5.1. Le <strong>d\u00e9lai d&#8217;ex\u00e9cution de la prestation<\/strong> indiqu\u00e9 dans l\u2019offre commerciale ou dans la commande n\u2019est donn\u00e9 qu\u2019\u00e0 titre indicatif et n\u2019est pas garanti. Par voie de cons\u00e9quence tout retard raisonnable dans la prestation ne pourra en aucun cas donner lieu au profit du b\u00e9n\u00e9ficiaire \u00e0 l\u2019allocation de dommages et int\u00e9r\u00eats ou \u00e0 une annulation de commande. Tout retard par rapport aux d\u00e9lais indicatifs d&#8217;ex\u00e9cution initialement pr\u00e9vus, ne saurait justifier une r\u00e9siliation de la commande pass\u00e9e par le b\u00e9n\u00e9ficiaire.<\/p>\n\n\n\n<p>5.2. Sans pr\u00e9judice des d\u00e9finitions de la Loi et de la jurisprudence en la mati\u00e8re, il convient d&#8217;entendre par <strong>force majeure <\/strong>toute circonstance ind\u00e9pendante de la volont\u00e9 du prestataire qui emp\u00eache provisoirement ou d\u00e9finitivement l&#8217;ex\u00e9cution du contrat, entre autres dans les cas suivants : guerre, menace de guerre, \u00e9meutes, mobilisation totale ou partielle, gr\u00e8ves, p\u00e9nurie de mati\u00e8res premi\u00e8res, marasme des livraisons des sous-traitants, circonstances impr\u00e9vues dans l&#8217;entreprise, difficult\u00e9s dans les transports, limitations des importations et\/ou exportations, gel, incendie, \u00e9pid\u00e9mie, catastrophes (naturelles) et autres impr\u00e9vus emp\u00eachant partiellement ou totalement l&#8217;ex\u00e9cution de la prestation. Les dispositions du pr\u00e9sent article sont \u00e9galement d&#8217;application au cas o\u00f9 des circonstances telles que celles pr\u00e9cit\u00e9es affecteraient des sites de production, des sous-traitants ou d&#8217;autres commer\u00e7ants ou prestataires dont d\u00e9pend le prestataire pour certains biens ou services. Au cas o\u00f9 le prestataire ne pourrait respecter ses obligations d\u00e9coulant du contrat en raison d&#8217;un cas de force majeure tel que pr\u00e9cit\u00e9, il serait habilit\u00e9, sans intervention judiciaire, \u00e0 suspendre l&#8217;ex\u00e9cution dudit contrat jusqu&#8217;\u00e0 ce que cesse le cas de force majeure ou, le choix lui incombant, \u00e0 r\u00e9silier ledit contrat en tout ou en partie, \u00e9galement sans intervention judiciaire, sans \u00eatre tenu \u00e0 des dommages &amp; int\u00e9r\u00eats.<\/p>\n\n\n\n<p><strong>Article 6 : Paiements<\/strong><\/p>\n\n\n\n<p>6.1. Le prix est payable selon les modalit\u00e9s suivantes&nbsp;:<\/p>\n\n\n\n<ul class=\"wp-block-list\">\n<li>par ch\u00e8que<\/li>\n\n\n\n<li>par virement bancaire<\/li>\n\n\n\n<li>en esp\u00e8ces<\/li>\n<\/ul>\n\n\n\n<p>Sauf convention \u00e9crite contraire, les paiements sont r\u00e9put\u00e9s \u00ab comptant \u00bb et doivent donc, compte tenu des modalit\u00e9s de calcul des prix, intervenir pr\u00e9cis\u00e9ment selon l&#8217;\u00e9ch\u00e9ancier mentionn\u00e9 sur le devis \u00e9mis par le prestataire.<\/p>\n\n\n\n<p>6.2. Le b\u00e9n\u00e9ficiaire ne peut se pr\u00e9valoir d&#8217;une compensation que si sa cr\u00e9ance est reconnue par le prestataire ou que si le bien-fond\u00e9 de ladite cr\u00e9ance peut \u00eatre ais\u00e9ment \u00e9tabli.<\/p>\n\n\n\n<p><strong>Article 7 : Retards de paiement<\/strong><\/p>\n\n\n\n<p>7.1. En cas de d\u00e9passement du d\u00e9lai de paiement, le b\u00e9n\u00e9ficiaire est de plein droit en d\u00e9faut et le prestataire habilit\u00e9 \u00e0 lui porter en compte un int\u00e9r\u00eat \u00e9gal \u00e0 1,5 fois le taux d\u2019int\u00e9r\u00eat l\u00e9gal. Cette p\u00e9nalit\u00e9 est exigible de plein droit sans qu\u2019aucun rappel ne soit n\u00e9cessaire.<\/p>\n\n\n\n<p>7.2. Le b\u00e9n\u00e9ficiaire serait en outre dans ce cas redevable de frais extrajudiciaires de recouvrement raisonnablement effectu\u00e9s. Au cas o\u00f9 l&#8217;encaissement aurait \u00e9t\u00e9 confi\u00e9 \u00e0 un avocat, les frais dont le b\u00e9n\u00e9ficiaire serait redevable \u00e9quivaudraient au minimum aux frais d&#8217;encaissement recommand\u00e9s et publi\u00e9s par le Conseil g\u00e9n\u00e9ral de l&#8217;Ordre des Avocats fran\u00e7ais.<\/p>\n\n\n\n<p><strong>Article 8 : Conditions d\u2019escompte<\/strong><\/p>\n\n\n\n<p><strong>L\u2019escompte est une r\u00e9duction du prix consentie en cas de paiement anticip\u00e9. Tout escompte, quand il existe, est explicitement mentionn\u00e9 sur l\u2019offre commerciale et sur la facture.<\/strong><\/p>\n\n\n\n<p><strong>Article 9&nbsp;: Clause r\u00e9solutoire<\/strong><\/p>\n\n\n\n<p><strong>Si dans les 30 jours de la mise en oeuvre de l\u2019article 7 ci-dessus&nbsp;: Retards de paiement, le b\u00e9n\u00e9ficiaire ne s\u2019est pas acquitt\u00e9 des sommes dues, la vente sera r\u00e9solue de plein droit et pourra ouvrir droit \u00e0 l\u2019allocation de dommages et int\u00e9r\u00eats au profit du prestataire.<\/strong><\/p>\n\n\n\n<p><strong>Article 10 : Clause de non-concurrence<\/strong><\/p>\n\n\n\n<p><strong>Le b\u00e9n\u00e9ficiaire s&#8217;engage \u00e0 ne pas d\u00e9baucher les personnes travaillant chez ou pour le compte du prestataire et ceci pendant une p\u00e9riode de 1 an \u00e0 compter de la commande de la prestation.<\/strong><\/p>\n\n\n\n<p><strong>Article 11&nbsp;:<\/strong> <strong>Propri\u00e9t\u00e9 intellectuelle<\/strong><\/p>\n\n\n\n<p>Tous les documents techniques remis au b\u00e9n\u00e9ficiaire demeurent la propri\u00e9t\u00e9 exclusive du prestataire, seul titulaire des droits de propri\u00e9t\u00e9 intellectuelle sur ces documents, et doivent lui \u00eatre rendus \u00e0 sa demande.<\/p>\n\n\n\n<p>Le b\u00e9n\u00e9ficiaire s\u2019engage \u00e0 ne faire aucun usage de ces documents, susceptible de porter atteinte aux droits de propri\u00e9t\u00e9 industrielle ou intellectuelle du prestataire et s\u2019engage \u00e0 ne les divulguer \u00e0 aucun tiers en dehors de son autorisation \u00e9crite.<\/p>\n\n\n\n<p><strong>Article 12&nbsp;: Renonciation<\/strong><\/p>\n\n\n\n<p>12.1 Le fait pour le prestataire de ne pas se pr\u00e9valoir \u00e0 un moment donn\u00e9 de l\u2019une quelconque des clauses des pr\u00e9sentes, ne peut valoir renonciation \u00e0 se pr\u00e9valoir ult\u00e9rieurement de ces m\u00eames clauses.<\/p>\n\n\n\n<p>12.2 De m\u00eame la renonciation \u00e0 une ou plusieurs clause(s) quelconque(s) des pr\u00e9sentes n\u2019entra\u00eene en rien la renonciation aux autres clauses, qui demeurent valables en tout \u00e9tat de cause.<\/p>\n\n\n\n<p><strong>Article 13 : Droit applicable et tribunal comp\u00e9tent<\/strong><\/p>\n\n\n\n<p>Tout litige ressortissant au pouvoir juridictionnel d&#8217;un tribunal sera de la comp\u00e9tence exclusive du tribunal du ressort du si\u00e8ge du prestataire, le tribunal du domicile du b\u00e9n\u00e9ficiaire \u00e9tant \u00e9galement comp\u00e9tent pour conna\u00eetre les pr\u00e9tentions du prestataire.<\/p>\n\n\n\n<p>Toutes les contestations relatives \u00e0 l&#8217;interpr\u00e9tation ou \u00e0 l&#8217;ex\u00e9cution du pr\u00e9sent contrat seront de la comp\u00e9tence exclusive du Tribunal de Commerce du si\u00e8ge du prestataire.<\/p>\n\n\n\n<!-- Code Crenolib Pro -->\n<a href=\"https:\/\/www.crenolib.fr\/prendre-rdv\/11002_hypnotherapeute-a-coye-la-foret\" style=\"display: block; text-align: center; background-color: #7142F5; color: #ffffff; font-size: 15px; overflow: hidden; width: 315px; height: 50px; border-bottom-right-radius: none; border-bottom-left-radius: none; position: fixed; bottom: 0; right: 5px; z-index: 1000; border-top-left-radius: 4px; border-top-right-radius: 4px; line-height: 50px;\" target=\"_blank\" class=\"crenolib\" rel=\"noopener noreferrer\">\n<span style=\"font-size: 15px;\">RDV Cabinet &#038; Visio &#8211; Crenolib.fr<\/span>\n<\/a>\n<!-- Code Crenolib Pro -->\n","protected":false},"excerpt":{"rendered":"<p>Janvier 2020 Article 1&nbsp;: Objet et champ d\u2019application 1.1 Les pr\u00e9sentes conditions g\u00e9n\u00e9rales s&#8217;appliquent \u00e0 toutes les offres \u00e9mises, ventes &hellip; <a href=\"https:\/\/sylvietaboile.com\/?page_id=1928\" class=\"more-link\">Continue reading <span class=\"screen-reader-text\">Conditions g\u00e9n\u00e9rales de vente<\/span><\/a><\/p>\n","protected":false},"author":2,"featured_media":0,"parent":0,"menu_order":0,"comment_status":"closed","ping_status":"closed","template":"","meta":{"footnotes":""},"class_list":["post-1928","page","type-page","status-publish","hentry"],"jetpack_sharing_enabled":true,"_links":{"self":[{"href":"https:\/\/sylvietaboile.com\/index.php?rest_route=\/wp\/v2\/pages\/1928","targetHints":{"allow":["GET"]}}],"collection":[{"href":"https:\/\/sylvietaboile.com\/index.php?rest_route=\/wp\/v2\/pages"}],"about":[{"href":"https:\/\/sylvietaboile.com\/index.php?rest_route=\/wp\/v2\/types\/page"}],"author":[{"embeddable":true,"href":"https:\/\/sylvietaboile.com\/index.php?rest_route=\/wp\/v2\/users\/2"}],"replies":[{"embeddable":true,"href":"https:\/\/sylvietaboile.com\/index.php?rest_route=%2Fwp%2Fv2%2Fcomments&post=1928"}],"version-history":[{"count":2,"href":"https:\/\/sylvietaboile.com\/index.php?rest_route=\/wp\/v2\/pages\/1928\/revisions"}],"predecessor-version":[{"id":2027,"href":"https:\/\/sylvietaboile.com\/index.php?rest_route=\/wp\/v2\/pages\/1928\/revisions\/2027"}],"wp:attachment":[{"href":"https:\/\/sylvietaboile.com\/index.php?rest_route=%2Fwp%2Fv2%2Fmedia&parent=1928"}],"curies":[{"name":"wp","href":"https:\/\/api.w.org\/{rel}","templated":true}]}}