{"id":1383,"date":"2020-01-15T15:13:01","date_gmt":"2020-01-15T14:13:01","guid":{"rendered":"http:\/\/sylvietaboile.com\/?page_id=1383"},"modified":"2023-02-07T12:25:04","modified_gmt":"2023-02-07T11:25:04","slug":"coaching-global","status":"publish","type":"page","link":"https:\/\/sylvietaboile.com\/?page_id=1383","title":{"rendered":"Coaching Holistique"},"content":{"rendered":"\n<p class=\"has-very-dark-gray-color has-very-light-gray-background-color has-text-color has-background\">Des outils fabuleux pour un avenir plus serein!<\/p>\n\n\n\n<p>Il n&#8217;est pas rare, en ces temps troubl\u00e9s de ne plus savoir o\u00f9 on en est. <\/p>\n\n\n\n<p>Vous croyez \u00eatre perdu&#8230; Vous \u00eates au bon endroit!<\/p>\n\n\n\n<p>Des envies de changement, <\/p>\n\n\n\n<p>un futur scolaire \u00e0 d\u00e9cider, <\/p>\n\n\n\n<p>un d\u00e9m\u00e9nagement qui vous titille, <\/p>\n\n\n\n<p>vous ne savez plus si vous souhaitez continuer dans la m\u00eame entreprise, <\/p>\n\n\n\n<p>vous avez un questionnement sur votre couple,<\/p>\n\n\n\n<p>vous souhaitez courir un marathon ou r\u00e9aliser un r\u00eave bien d\u00e9fini<\/p>\n\n\n\n<p>etc&#8230; <\/p>\n\n\n\n<p>avec diff\u00e9rents outils dont le Z\u00e9ro Mental\u00aecar chaque personne est diff\u00e9rente, je vous accompagne pour d\u00e9finir et pr\u00e9ciser les changements que vous souhaitez mettre en place dans votre vie. <\/p>\n\n\n\n<p>Quand l&#8217;inconscient est bien programm\u00e9, il nous m\u00eane tout naturellement vers la r\u00e9ussite.<\/p>\n\n\n\n<p>Certaines zones de confort deviennent quelque fois inconfortables alors, si vous avez choisi d&#8217;\u00eatre heureux\/heureuse et que vous \u00eatre pr\u00eat \u00e0 vivre le bonheur, prenez rendez-vous maintenant sur Crenolib<\/p>\n\n\n\n<figure class=\"wp-block-image size-large is-style-rounded\"><img loading=\"lazy\" decoding=\"async\" width=\"1024\" height=\"682\" src=\"http:\/\/sylvietaboile.com\/wp-content\/uploads\/2021\/03\/jetty-4155214_1920-1024x682.jpg\" alt=\"avoir confiance,comment avoir confiance en soi,  chantilly, hypnoth\u00e9rapeute, coye la for\u00eat, naturopathe, massage bien-\u00eatre, sylvie taboile, changer, divorce, \u00e9chec scolaire, descolaris\u00e9, difficult\u00e9s scolaires, examens, baccalaur\u00e9at, r\u00e9ussir son baccalaur\u00e9at, phobie scolaire\" class=\"wp-image-1816\" srcset=\"https:\/\/sylvietaboile.com\/wp-content\/uploads\/2021\/03\/jetty-4155214_1920-1024x682.jpg 1024w, https:\/\/sylvietaboile.com\/wp-content\/uploads\/2021\/03\/jetty-4155214_1920-300x200.jpg 300w, https:\/\/sylvietaboile.com\/wp-content\/uploads\/2021\/03\/jetty-4155214_1920-768x512.jpg 768w, https:\/\/sylvietaboile.com\/wp-content\/uploads\/2021\/03\/jetty-4155214_1920-1536x1023.jpg 1536w, https:\/\/sylvietaboile.com\/wp-content\/uploads\/2021\/03\/jetty-4155214_1920-174x116.jpg 174w, https:\/\/sylvietaboile.com\/wp-content\/uploads\/2021\/03\/jetty-4155214_1920.jpg 1920w\" sizes=\"auto, (max-width: 1024px) 100vw, 1024px\" \/><\/figure>\n\n\n\n<div class=\"wp-block-buttons is-layout-flex wp-block-buttons-is-layout-flex\"><\/div>\n\n\n\n<!-- Code Crenolib Pro -->\n<a href=\"https:\/\/www.crenolib.fr\/prendre-rdv\/11002_hypnotherapeute-a-coye-la-foret\" style=\"display: block; text-align: center; background-color: #7142F5; color: #ffffff; font-size: 15px; overflow: hidden; width: 315px; height: 50px; border-bottom-right-radius: none; border-bottom-left-radius: none; position: fixed; bottom: 0; right: 5px; z-index: 1000; border-top-left-radius: 4px; border-top-right-radius: 4px; line-height: 50px;\" target=\"_blank\" class=\"crenolib\" rel=\"noopener noreferrer\">\n<span style=\"font-size: 15px;\">RDV Cabinet &amp; Visio &#8211; Crenolib.fr<\/span>\n<\/a>\n<!-- Code Crenolib Pro -->\n","protected":false},"excerpt":{"rendered":"<p>Des outils fabuleux pour un avenir plus serein! Il n&#8217;est pas rare, en ces temps troubl\u00e9s de ne plus savoir &hellip; <a href=\"https:\/\/sylvietaboile.com\/?page_id=1383\" class=\"more-link\">Continue reading <span class=\"screen-reader-text\">Coaching Holistique<\/span><\/a><\/p>\n","protected":false},"author":2,"featured_media":1595,"parent":0,"menu_order":0,"comment_status":"closed","ping_status":"closed","template":"","meta":{"footnotes":""},"class_list":["post-1383","page","type-page","status-publish","has-post-thumbnail","hentry"],"jetpack_sharing_enabled":true,"_links":{"self":[{"href":"https:\/\/sylvietaboile.com\/index.php?rest_route=\/wp\/v2\/pages\/1383","targetHints":{"allow":["GET"]}}],"collection":[{"href":"https:\/\/sylvietaboile.com\/index.php?rest_route=\/wp\/v2\/pages"}],"about":[{"href":"https:\/\/sylvietaboile.com\/index.php?rest_route=\/wp\/v2\/types\/page"}],"author":[{"embeddable":true,"href":"https:\/\/sylvietaboile.com\/index.php?rest_route=\/wp\/v2\/users\/2"}],"replies":[{"embeddable":true,"href":"https:\/\/sylvietaboile.com\/index.php?rest_route=%2Fwp%2Fv2%2Fcomments&post=1383"}],"version-history":[{"count":15,"href":"https:\/\/sylvietaboile.com\/index.php?rest_route=\/wp\/v2\/pages\/1383\/revisions"}],"predecessor-version":[{"id":2087,"href":"https:\/\/sylvietaboile.com\/index.php?rest_route=\/wp\/v2\/pages\/1383\/revisions\/2087"}],"wp:featuredmedia":[{"embeddable":true,"href":"https:\/\/sylvietaboile.com\/index.php?rest_route=\/wp\/v2\/media\/1595"}],"wp:attachment":[{"href":"https:\/\/sylvietaboile.com\/index.php?rest_route=%2Fwp%2Fv2%2Fmedia&parent=1383"}],"curies":[{"name":"wp","href":"https:\/\/api.w.org\/{rel}","templated":true}]}}