{"id":1351,"date":"2018-03-12T17:16:04","date_gmt":"2018-03-12T16:16:04","guid":{"rendered":"http:\/\/sylvietaboile.com\/?page_id=1351"},"modified":"2023-01-03T13:21:25","modified_gmt":"2023-01-03T12:21:25","slug":"naturopathie","status":"publish","type":"page","link":"https:\/\/sylvietaboile.com\/?page_id=1351","title":{"rendered":"Naturopathie"},"content":{"rendered":"\n<p class=\"has-very-dark-gray-color has-very-light-gray-background-color has-text-color has-background has-medium-font-size\"><strong>Qu&#8217;est-ce que la naturopathie ?<\/strong><\/p>\n\n\n\n<p class=\"has-very-dark-gray-color has-text-color\"><strong>Selon l&#8217;Organisation Mondiale de la Sant\u00e9<\/strong>&nbsp;:<br> <em>\u00ab&nbsp;la Naturopathie est un ensemble de m\u00e9thodes de soins visant \u00e0 renforcer les d\u00e9fenses de l&#8217;organisme par des moyens consid\u00e9r\u00e9s comme naturels et biologiques&nbsp;\u00bb.<\/em><\/p>\n\n\n\n<p class=\"has-very-dark-gray-color has-text-color\"><strong>Selon le Larousse M\u00e9dical (\u00e9dition 2007)<\/strong>&nbsp;:<br> <em>\u00ab&nbsp;la Naturopathie est un ensemble de pratiques visant \u00e0 aider l\u2019organisme \u00e0 gu\u00e9rir de lui-m\u00eame, par des moyens exclusivement naturels. Elle repose sur une th\u00e9orie selon laquelle la force vitale de l\u2019organisme permet \u00e0 celui-ci de d\u00e9fendre et de gu\u00e9rir spontan\u00e9ment. <\/em><\/p>\n\n\n\n<p class=\"has-very-dark-gray-color has-text-color\">L&#8217;origine du mot \u00ab naturopathie \u00bb vient de deux mots anglais &#8220;nature&#8221; et &#8220;path&#8221; qui signifient \u00ab le chemin de la Nature \u00bb ou la \u00ab voie de la Nature \u00bb. Cette appellation de \u00ab naturopathy \u00bb a \u00e9t\u00e9 enregistr\u00e9e pour la premi\u00e8re fois aux USA en 1902.<\/p>\n\n\n\n<p class=\"has-very-dark-gray-color has-very-light-gray-background-color has-text-color has-background has-medium-font-size\"><strong>Les grands principes :<\/strong><\/p>\n\n\n\n<p class=\"has-very-dark-gray-color has-text-color\">Elle repose sur 4 piliers fondamentaux qui sont les suivants :<\/p>\n\n\n\n<h4 class=\"has-vivid-purple-color has-text-color wp-block-heading\">1- Primum non nocere<\/h4>\n\n\n\n<p class=\"has-very-dark-gray-color has-text-color\"><em>Ne pas nuire.<\/em> <\/p>\n\n\n\n<p class=\"has-cyan-bluish-gray-color has-text-color\">Hippocrate disait que face aux maladies, il fallait avoir deux choses \u00e0 l&#8217;esprit : faire du bien, ou au moins ne pas faire de mal \u00bb. &nbsp;<\/p>\n\n\n\n<h4 class=\"has-vivid-purple-color has-text-color wp-block-heading\">2- Vis medicatix naturae<\/h4>\n\n\n\n<p class=\"has-very-dark-gray-color has-text-color\"><em>La nature rec\u00e8le son propre pouvoir de gu\u00e9rison<\/em>. <\/p>\n\n\n\n<h4 class=\"has-vivid-purple-color has-text-color wp-block-heading\">3- Tolle causam<\/h4>\n\n\n\n<p class=\"has-very-dark-gray-color has-text-color\"><em>D\u00e9couvrir et traiter la cause.<\/em> <\/p>\n\n\n\n<h4 class=\"has-vivid-purple-color has-text-color wp-block-heading\">4- Docere<\/h4>\n\n\n\n<p class=\"has-very-dark-gray-color has-text-color\"><em>Enseigner. <\/em><\/p>\n\n\n\n<p class=\"has-very-dark-gray-color has-very-light-gray-background-color has-text-color has-background has-medium-font-size\"><strong>En r\u00e9sum\u00e9<\/strong><\/p>\n\n\n\n<p class=\"has-very-dark-gray-color has-text-color\">Les 3 techniques majeures et fondamentales sont la nutrition, l\u2019exercice physique et la gestion du mental. Une consultation de naturoth\u00e9rapie comporte obligatoirement des recommandations dans ces 3 domaines.<\/p>\n\n\n\n<p class=\"has-very-dark-gray-color has-text-color\">Form\u00e9e et dipl\u00f4m\u00e9e de l\u2019\u00e9cole \u00ab&nbsp;Euronature&nbsp;\u00bb (Pantin \u2013\n93) en 2004. Depuis, c\u2019est avec une v\u00e9ritable volont\u00e9 de venir en aide \u00e0 mes\nconsultants que j\u2019utilise la naturopathie.<\/p>\n\n\n\n<p class=\"has-very-dark-gray-color has-text-color\">Chacun \u00e9tant unique, les s\u00e9ances sont personnalis\u00e9es. En tout d\u00e9but de s\u00e9ance je vous propose questionnaire de sant\u00e9 afin de mieux vous conna\u00eetre. Les \u00e9l\u00e9ments communiqu\u00e9s me permettent d\u2019ajuster ma perception des probl\u00e9matiques et de finaliser des conseils clairs et de conseiller les plantes ou les compl\u00e9ments alimentaires les mieux adapt\u00e9s<\/p>\n\n\n\n<p class=\"has-very-dark-gray-color has-text-color\">Pour une s\u00e9ance il faut compter environ <strong>1h30<\/strong> de consultation. En fonction des probl\u00e9matiques, et pour une th\u00e9rapie de fond, plusieurs s\u00e9ances peuvent \u00eatre n\u00e9cessaires.<\/p>\n\n\n\n<p class=\"has-very-dark-gray-color has-very-light-gray-background-color has-text-color has-background has-medium-font-size\"><strong>A retenir<\/strong><\/p>\n\n\n\n<p class=\"has-very-dark-gray-color has-text-color\">Au-del\u00e0 des d\u00e9finitions qui caract\u00e9risent la Naturopathie, il s\u2019agit de retenir que cette pratique est l\u2019une des voies qui m\u00e8nent \u00e0 la sant\u00e9 et au mieux-\u00eatre en compl\u00e9mentarit\u00e9 des autres. <\/p>\n\n\n\n<figure class=\"wp-block-gallery aligncenter has-nested-images columns-default is-cropped wp-block-gallery-1 is-layout-flex wp-block-gallery-is-layout-flex\">\n<figure class=\"wp-block-image size-large\"><img loading=\"lazy\" decoding=\"async\" width=\"1024\" height=\"683\" data-id=\"1677\" src=\"https:\/\/sylvietaboile.com\/wp-content\/uploads\/2020\/02\/asparagus-2169305_1920-1024x683.jpg\" alt=\"nutrition chronobiologie diet\u00e9tique, nutrith\u00e9rapie, bien manger, bonne r\u00e9solution, foutez vous la paix, hypnose dans l'oise, hypnose chantilly, th\u00e9rapeute chantilly, etre plis en forme, etre plus mince, positif, comme j'aime, je pense trop, je ne sais pas dire non, pnl, sylvie Taboile, r\u00e9novation int\u00e9rieure, toiaussitupeuxguerir, coye la foret, chantilly, hypnoth\u00e9rapeute chantilly, hypnose pour maigrir, lamorlaye, th\u00e9rapeute, psy, \n\" class=\"wp-image-1677\" srcset=\"https:\/\/sylvietaboile.com\/wp-content\/uploads\/2020\/02\/asparagus-2169305_1920-1024x683.jpg 1024w, https:\/\/sylvietaboile.com\/wp-content\/uploads\/2020\/02\/asparagus-2169305_1920-300x200.jpg 300w, https:\/\/sylvietaboile.com\/wp-content\/uploads\/2020\/02\/asparagus-2169305_1920-768x512.jpg 768w, https:\/\/sylvietaboile.com\/wp-content\/uploads\/2020\/02\/asparagus-2169305_1920-1536x1024.jpg 1536w, https:\/\/sylvietaboile.com\/wp-content\/uploads\/2020\/02\/asparagus-2169305_1920-174x116.jpg 174w, https:\/\/sylvietaboile.com\/wp-content\/uploads\/2020\/02\/asparagus-2169305_1920.jpg 1920w\" sizes=\"auto, (max-width: 1024px) 100vw, 1024px\" \/><\/figure>\n<\/figure>\n\n\n\n<div class=\"wp-block-buttons is-layout-flex wp-block-buttons-is-layout-flex\"><\/div>\n\n\n\n<!-- Code Crenolib Pro -->\n<a href=\"https:\/\/www.crenolib.fr\/prendre-rdv\/11002_hypnotherapeute-a-coye-la-foret\" style=\"display: block; text-align: center; background-color: #7142F5; color: #ffffff; font-size: 15px; overflow: hidden; width: 315px; height: 50px; border-bottom-right-radius: none; border-bottom-left-radius: none; position: fixed; bottom: 0; right: 5px; z-index: 1000; border-top-left-radius: 4px; border-top-right-radius: 4px; line-height: 50px;\" target=\"_blank\" class=\"crenolib\" rel=\"noopener noreferrer\">\n<span style=\"font-size: 15px;\">RDV Cabinet &amp; Visio &#8211; Crenolib.fr<\/span>\n<\/a>\n<!-- Code Crenolib Pro -->\n","protected":false},"excerpt":{"rendered":"<p>Qu&#8217;est-ce que la naturopathie ? Selon l&#8217;Organisation Mondiale de la Sant\u00e9&nbsp;: \u00ab&nbsp;la Naturopathie est un ensemble de m\u00e9thodes de soins &hellip; <a href=\"https:\/\/sylvietaboile.com\/?page_id=1351\" class=\"more-link\">Continue reading <span class=\"screen-reader-text\">Naturopathie<\/span><\/a><\/p>\n","protected":false},"author":2,"featured_media":1643,"parent":0,"menu_order":0,"comment_status":"closed","ping_status":"closed","template":"","meta":{"footnotes":""},"class_list":["post-1351","page","type-page","status-publish","has-post-thumbnail","hentry"],"jetpack_sharing_enabled":true,"_links":{"self":[{"href":"https:\/\/sylvietaboile.com\/index.php?rest_route=\/wp\/v2\/pages\/1351","targetHints":{"allow":["GET"]}}],"collection":[{"href":"https:\/\/sylvietaboile.com\/index.php?rest_route=\/wp\/v2\/pages"}],"about":[{"href":"https:\/\/sylvietaboile.com\/index.php?rest_route=\/wp\/v2\/types\/page"}],"author":[{"embeddable":true,"href":"https:\/\/sylvietaboile.com\/index.php?rest_route=\/wp\/v2\/users\/2"}],"replies":[{"embeddable":true,"href":"https:\/\/sylvietaboile.com\/index.php?rest_route=%2Fwp%2Fv2%2Fcomments&post=1351"}],"version-history":[{"count":17,"href":"https:\/\/sylvietaboile.com\/index.php?rest_route=\/wp\/v2\/pages\/1351\/revisions"}],"predecessor-version":[{"id":2059,"href":"https:\/\/sylvietaboile.com\/index.php?rest_route=\/wp\/v2\/pages\/1351\/revisions\/2059"}],"wp:featuredmedia":[{"embeddable":true,"href":"https:\/\/sylvietaboile.com\/index.php?rest_route=\/wp\/v2\/media\/1643"}],"wp:attachment":[{"href":"https:\/\/sylvietaboile.com\/index.php?rest_route=%2Fwp%2Fv2%2Fmedia&parent=1351"}],"curies":[{"name":"wp","href":"https:\/\/api.w.org\/{rel}","templated":true}]}}